mon factor of 31 and 93?
31
What is the greatest common factor of 22 and 616?
22
Calculate the greatest common factor of 2032 and 381.
127
What is the greatest common factor of 28583 and 101?
101
Calculate the highest common factor of 72 and 8406.
18
What is the greatest common factor of 836 and 44?
44
Calculate the highest common factor of 53 and 13568.
53
What is the greatest common divisor of 90062 and 98?
98
What is the highest common divisor of 162 and 4?
2
Calculate the highest common divisor of 264 and 1254.
66
What is the highest common factor of 672 and 63?
21
What is the greatest common factor of 6 and 22?
2
What is the greatest common factor of 25697 and 7?
7
Calculate the highest common divisor of 192 and 684.
12
What is the greatest common factor of 14 and 1064?
14
Calculate the highest common divisor of 133 and 3990.
133
What is the greatest common divisor of 4284 and 459?
153
What is the highest common factor of 44 and 68?
4
What is the greatest common divisor of 40 and 34180?
20
What is the greatest common divisor of 112 and 40432?
112
What is the greatest common divisor of 59 and 1239?
59
Calculate the highest common divisor of 7696 and 416.
208
What is the highest common factor of 2394 and 28?
14
Calculate the greatest common divisor of 15 and 2505.
15
Calculate the highest common factor of 320 and 60.
20
What is the highest common factor of 40 and 11020?
20
What is the highest common divisor of 132 and 99?
33
Calculate the highest common divisor of 6 and 109.
1
What is the greatest common divisor of 945 and 455?
35
Calculate the greatest common divisor of 11 and 198.
11
Calculate the highest common factor of 261 and 116.
29
Calculate the greatest common divisor of 2625 and 420.
105
Calculate the greatest common divisor of 1197 and 7.
7
Calculate the greatest common factor of 6432 and 120.
24
Calculate the highest common divisor of 527 and 34.
17
What is the highest common factor of 44 and 40?
4
What is the greatest common factor of 32 and 6496?
32
Calculate the highest common factor of 56 and 217.
7
What is the highest common factor of 612 and 9?
9
Calculate the highest common factor of 77 and 88.
11
Calculate the highest common divisor of 2232 and 15.
3
Calculate the greatest common factor of 54 and 164.
2
What is the highest common divisor of 136 and 5100?
68
What is the greatest common divisor of 568 and 4828?
284
Calculate the greatest common factor of 37 and 103489.
37
Calculate the greatest common divisor of 29 and 261.
29
Calculate the highest common divisor of 2125 and 25.
25
What is the highest common divisor of 32 and 928?
32
What is the greatest common factor of 1807 and 13?
13
What is the highest common factor of 598 and 78?
26
Calculate the highest common factor of 7709 and 13.
13
What is the highest common factor of 725 and 1305?
145
Calculate the highest common factor of 88 and 242.
22
Calculate the highest common divisor of 6272 and 77.
7
What is the highest common divisor of 13 and 1807?
13
What is the highest common factor of 2300 and 300?
100
What is the highest common factor of 38 and 41686?
38
Calculate the greatest common factor of 264 and 66.
66
What is the highest common factor of 59 and 531?
59
What is the greatest common factor of 1058 and 2?
2
What is the greatest common divisor of 1928 and 8?
8
Calculate the greatest common factor of 1030 and 20.
10
What is the highest common factor of 198 and 1881?
99
Calculate the highest common factor of 6021 and 18.
9
Calculate the highest common factor of 145 and 29.
29
What is the greatest common divisor of 136 and 328?
8
Calculate the greatest common divisor of 28 and 28.
28
Calculate the greatest common factor of 5175 and 920.
115
Calculate the greatest common factor of 477 and 371.
53
What is the highest common factor of 255 and 45?
15
What is the greatest common factor of 1157 and 455?
13
Calculate the greatest common factor of 315 and 42.
21
What is the greatest common divisor of 11924 and 132?
44
Calculate the highest common divisor of 142 and 4544.
142
What is the greatest common factor of 2544 and 48?
48
What is the greatest common divisor of 4416 and 132?
12
What is the highest common factor of 2838 and 12?
6
Calculate the highest common factor of 368 and 16.
16
Calculate the highest common factor of 1200 and 350.
50
Calculate the highest common divisor of 31 and 496.
31
What is the highest common factor of 280 and 600?
40
Calculate the greatest common factor of 46 and 292.
2
What is the highest common factor of 108 and 516?
12
Calculate the greatest common divisor of 2900 and 1508.
116
What is the greatest common divisor of 56 and 196?
28
Calculate the greatest common factor of 25392 and 48.
48
Calculate the highest common factor of 35 and 70.
35
What is the greatest common divisor of 252 and 144?
36
What is the greatest common divisor of 550 and 44?
22
What is the greatest common factor of 21 and 133?
7
Calculate the greatest common divisor of 4074 and 63.
21
What is the highest common factor of 28 and 266?
14
Calculate the greatest common factor of 28 and 1148.
28
What is the highest common factor of 16 and 5?
1
What is the highest common factor of 6169 and 31?
31
What is the highest common divisor of 51 and 85?
17
What is the highest common divisor of 117 and 52?
13
Calculate the highest common factor of 10192 and 624.
208
What is the greatest common factor of 3479 and 71?
71
Calculate the greatest common divisor of 3731 and 273.
91
Calculate the highest common divisor of 190 and 494.
38
What is the greatest common divisor of 33 and 143?
11
What is the highest common factor of 60 and 2840?
20
Calculate the greatest common divisor of 3332 and 85.
17
Calculate the highest common divisor of 100 and 60.
20
What is the greatest common divisor of 1118 and 903?
43
What is the greatest common divisor of 50 and 1870?
10
Calculate the greatest common divisor of 1647 and 61.
61
What is the highest common divisor of 60 and 75?
15
What is the highest common factor of 4292 and 444?
148
Calculate the greatest common factor of 23 and 253.
23
What is the greatest common divisor of 3 and 78?
3
Calculate the highest common divisor of 74 and 999.
37
What is the greatest common divisor of 12 and 492?
12
What is the greatest common factor of 1888 and 59?
59
What is the greatest common factor of 114 and 41838?
114
Calculate the greatest common factor of 6966 and 162.
162
What is the greatest common divisor of 1456 and 32?
16
Calculate the greatest common divisor of 28 and 12964.
28
What is the greatest common divisor of 169 and 208?
13
Calculate the greatest common factor of 42 and 168.
42
What is the greatest common divisor of 375 and 25?
25
What is the highest common divisor of 80 and 1720?
40
Calculate the greatest common divisor of 20 and 14140.
20
What is the highest common factor of 26 and 195?
13
Calculate the highest common divisor of 650 and 208.
26
Calculate the highest common divisor of 63 and 35.
7
What is the highest common factor of 15 and 1095?
15
Calculate the highest common factor of 200 and 1280.
40
Calculate the highest common factor of 10 and 3310.
10
Calculate the highest common factor of 460 and 575.
115
What is the highest common factor of 3479 and 98?
49
What is the greatest common factor of 19234 and 118?
118
Calculate the greatest common factor of 81 and 231.
3
Calculate the highest common divisor of 1625 and 39.
13
Calculate the highest common divisor of 38 and 646.
38
What is the greatest common factor of 1258 and 34?
34
What is the greatest common factor of 170 and 323?
17
What is the greatest common divisor of 2679 and 57?
57
Calculate the greatest common divisor of 210 and 525.
105
Calculate the highest common divisor of 56 and 21.
7
What is the highest common factor of 215 and 200?
5
Calculate the greatest common factor of 737 and 22.
11
What is the highest common divisor of 15197 and 91?
91
What is the greatest common divisor of 2280 and 780?
60
Calculate the greatest common divisor of 40 and 1960.
40
What is the greatest common factor of 10 and 5?
5
Calculate the highest common factor of 528 and 816.
48
Calculate the greatest common divisor of 136 and 85.
17
Calculate the greatest common divisor of 250 and 30.
10
What is the grea